st common factor of 950 and 6763658.
38
Calculate the greatest common divisor of 59640 and 1667190.
210
Calculate the greatest common divisor of 1157 and 384232758.
1157
Calculate the greatest common factor of 3929751 and 793079.
8911
What is the highest common factor of 58 and 24319632?
58
Calculate the highest common divisor of 29648 and 2176544.
272
Calculate the greatest common divisor of 5442177 and 987.
141
Calculate the greatest common divisor of 10854599 and 49427.
2149
What is the highest common factor of 9036 and 21532536?
36
What is the highest common factor of 10960 and 9201680?
80
Calculate the highest common divisor of 282690 and 21.
3
What is the highest common divisor of 2976 and 319238?
62
What is the highest common divisor of 8594239 and 5298?
883
Calculate the highest common factor of 522 and 3354343.
29
Calculate the greatest common divisor of 373626 and 527850.
918
Calculate the greatest common factor of 236228 and 8760.
292
What is the greatest common divisor of 2365458771 and 78?
39
Calculate the highest common divisor of 1965653 and 3899.
557
Calculate the highest common factor of 126 and 8151912.
18
What is the highest common factor of 15925 and 908999?
637
What is the greatest common factor of 30 and 36175605?
15
What is the greatest common factor of 525 and 235627?
7
What is the greatest common factor of 12320 and 67060?
140
Calculate the highest common factor of 306 and 12623554.
34
What is the highest common factor of 16853 and 53995238?
887
What is the greatest common factor of 54 and 4159998?
54
Calculate the highest common divisor of 211 and 199828183.
211
What is the greatest common factor of 2825217777 and 661?
661
What is the greatest common divisor of 10 and 9478450?
10
Calculate the highest common divisor of 6623575 and 2450.
1225
Calculate the greatest common factor of 33 and 190661669.
11
Calculate the greatest common factor of 70119 and 572859.
1323
Calculate the highest common divisor of 1914 and 410466.
174
What is the greatest common divisor of 921116349 and 1233?
1233
What is the highest common factor of 162273 and 99?
3
Calculate the greatest common factor of 330 and 2530275.
165
What is the highest common factor of 185530055 and 15?
5
Calculate the greatest common divisor of 7140 and 2449836.
204
What is the greatest common factor of 9724780 and 24440?
260
What is the highest common factor of 14350 and 334075?
175
What is the highest common factor of 5518 and 4126307?
89
Calculate the greatest common factor of 760 and 108376760.
760
What is the highest common divisor of 1820 and 13813345?
455
Calculate the greatest common divisor of 2509276 and 119.
7
Calculate the highest common factor of 10855780 and 2580.
860
What is the highest common factor of 1398456 and 96?
24
What is the highest common factor of 147 and 296996889?
147
What is the greatest common factor of 844706 and 242?
2
What is the highest common factor of 56580 and 2015490?
690
Calculate the highest common divisor of 4116 and 2832627.
21
Calculate the highest common factor of 157 and 7621.
1
Calculate the greatest common factor of 28 and 90605382.
14
Calculate the greatest common factor of 512 and 127293600.
32
Calculate the greatest common factor of 399 and 4292499.
57
Calculate the greatest common factor of 121095 and 2806713.
2691
Calculate the greatest common divisor of 62871659 and 167.
167
What is the greatest common divisor of 498 and 2489484?
6
What is the greatest common factor of 7070 and 19134955?
3535
What is the greatest common divisor of 101276726 and 38?
38
What is the greatest common divisor of 1720 and 54102385?
215
What is the greatest common factor of 891 and 3148596?
99
What is the greatest common factor of 386883184 and 368?
368
Calculate the greatest common factor of 270391 and 31819.
47
Calculate the highest common factor of 1586 and 5214158.
122
What is the greatest common factor of 9614052 and 23079?
3297
What is the highest common factor of 183485570 and 40100?
4010
Calculate the greatest common divisor of 747218503 and 23.
23
What is the greatest common divisor of 6 and 3039327?
3
Calculate the highest common divisor of 13632 and 254748.
852
Calculate the greatest common factor of 105327 and 35289.
27
What is the greatest common divisor of 21318 and 76845219?
561
What is the greatest common factor of 11 and 8277698?
11
What is the greatest common factor of 2380 and 80370815?
595
What is the highest common factor of 4133822 and 1122?
374
Calculate the greatest common factor of 8818645 and 3630.
55
What is the highest common factor of 1344 and 64496544?
672
Calculate the highest common divisor of 1951 and 6463663.
1951
Calculate the highest common divisor of 320 and 26504650.
10
What is the highest common divisor of 13982148 and 1886?
82
What is the greatest common factor of 6882 and 110763496?
2294
What is the highest common factor of 384 and 979986?
6
What is the greatest common factor of 102803397 and 12?
3
Calculate the highest common divisor of 2 and 1885306.
2
What is the highest common factor of 140117131 and 15785?
3157
Calculate the greatest common divisor of 84 and 1111573638.
42
Calculate the highest common factor of 360440 and 824.
8
What is the greatest common factor of 12772090 and 110?
10
What is the highest common divisor of 6 and 2855274?
6
Calculate the greatest common divisor of 7747293 and 873.
291
Calculate the greatest common divisor of 11448 and 3691656.
216
Calculate the highest common factor of 2962 and 8531.
1
What is the highest common divisor of 105507 and 63441?
171
Calculate the greatest common factor of 388 and 56928.
4
Calculate the highest common factor of 1034 and 1638185.
47
Calculate the highest common factor of 3063143 and 2641.
139
Calculate the greatest common factor of 18160 and 107296090.
2270
Calculate the highest common divisor of 41459 and 1510916.
11
Calculate the highest common factor of 26703050 and 5.
5
Calculate the highest common factor of 293680 and 1560.
40
Calculate the greatest common factor of 3178 and 69131034.
3178
Calculate the highest common factor of 427 and 20711068.
7
Calculate the greatest common divisor of 106806432 and 192.
96
What is the highest common divisor of 464766315 and 65?
65
What is the highest common divisor of 15151282 and 58?
58
Calculate the highest common divisor of 564249115 and 921.
307
Calculate the greatest common divisor of 3208561 and 2272.
71
Calculate the greatest common divisor of 45 and 11460795.
15
Calculate the greatest common divisor of 48119140 and 1308.
436
What is the highest common divisor of 47096 and 1765288?
1624
What is the greatest common factor of 440 and 2346784?
88
What is the greatest common factor of 1242 and 106891258?
46
Calculate the highest common factor of 16668 and 18954.
18
What is the highest common factor of 2700 and 163952?
4
What is the highest common factor of 43 and 112713234?
43
Calculate the highest common factor of 49339831 and 1853.
1853
What is the highest common divisor of 5502354 and 343122?
4134
Calculate the greatest common divisor of 7666364 and 4.
4
Calculate the greatest common factor of 91 and 107415997.
13
What is the highest common factor of 21461 and 330?
11
Calculate the highest common factor of 7353 and 14117.
19
What is the highest common divisor of 3 and 1985127?
3
What is the greatest common factor of 2070 and 52690?
10
Calculate the greatest common divisor of 472 and 16182520.
472
What is the highest common divisor of 2372 and 674510222?
1186
Calculate the highest common factor of 83547 and 13689.
9
What is the greatest common divisor of 1104 and 1072329?
69
Calculate the highest common divisor of 657 and 766281.
219
What is the highest common factor of 403908 and 14453?
97
Calculate the highest common factor of 4 and 7326912.
4
Calculate the greatest common factor of 23205555 and 1245.
1245
Calculate the greatest common factor of 200368372 and 2060.
412
What is the greatest common factor of 12250 and 70619150?
350
Calculate the greatest common factor of 41415 and 6403485.
165
What is the greatest common factor of 2781 and 188604639?
2781
What is the highest common factor of 372232 and 490280?
952
What is the greatest common factor of 151033916 and 10948?
1564
What is